= -q*p - 4*s + 14. List the prime factors of 2/(p/11)*1.
11
Let k(q) = 5*q. Let r be k(-1). Let m(i) = i**2 + 6*i + 5. Let a be m(r). List the prime factors of (-2 - (a + -9))*1.
7
Suppose 5*k = -5*i + i + 28, 4*k - 24 = -4*i. Let x(b) = 2 + 4*b - k*b - 5*b. What are the prime factors of x(-2)?
2, 3
Let s(h) be the first derivative of -h**3/3 - 3*h**2 + 5*h - 2. Let w be s(-6). Suppose -48 = v - w*v. What are the prime factors of v?
2, 3
List the prime factors of (-70 + 0)/((-4)/2).
5, 7
Suppose 12*d = 20*d - 696. List the prime factors of d.
3, 29
Let z = 136 + -46. What are the prime factors of z?
2, 3, 5
Let b(p) = -p**2 + 4*p + 4. Let m be b(5). What are the prime factors of 85/10 - m/2?
3
Let a be ((-2)/(-2))/((-2)/(-24)). What are the prime factors of 68/3 + (-8)/a?
2, 11
Let o = -49 - -125. Suppose 6*y - 8*y = -o. What are the prime factors of y?
2, 19
Let o(b) = -b**3 + 16*b**2 - 12*b - 7. List the prime factors of o(15).
2, 19
Let f = 3 - -11. List the prime factors of f.
2, 7
Let u = -3 + 5. Suppose 0 = 3*w + q - 29, 6*q = -2*w + u*q + 26. Suppose -3*v + w = -0. List the prime factors of v.
3
Let k(p) = -p**2 + 7*p - 6. Let l(b) = -4*b**2 + 20*b - 19. Let q(i) = 7*k(i) - 2*l(i). Let t be q(-7). List the prime factors of 0 + 2 - t/2.
11
Let u = -206 - -85. Let k = -82 - u. What are the prime factors of k?
3, 13
Let n be (12 + -3)/1 - 2. Let d(a) = -a**3 + 8*a**2 - 5*a - 5. List the prime factors of d(n).
3
Let h(j) = 3*j + 8. Let g be (0 - 3 - 4)/(-1). What are the prime factors of h(g)?
29
Let b = 5 + -10. Let s = b + 4. Let r(k) = -17*k - 1. List the prime factors of r(s).
2
Suppose -11 = -4*v - w, 4*v - 5*w + 6 + 1 = 0. Suppose 5*u - 22 + 7 = 0. Suppose u*i - v = 37. What are the prime factors of i?
13
Let g = 22 + -5. Suppose -5*c + g = -138. What are the prime factors of c?
31
Let a(c) = -c**3 - 6*c**2 - 7*c - 5. Let n be a(-5). Suppose 2*o + 4*f - 24 = 18, n*o = -5*f + 100. What are the prime factors of o?
19
Suppose -3*b - b = 0, 2*v + b - 12 = 0. Suppose -34 = -4*r + v. What are the prime factors of r?
2, 5
What are the prime factors of (115/20)/(1/4)?
23
Let t(f) = f**3 + 5*f**2 + f + 5. Let i be t(-5). Suppose -j + i*j = -4. Let u(m) = -m**2 + 6*m + 1. What are the prime factors of u(j)?
3
Let h = -8 + 11. Let s be (3/(-2))/((-3)/(-4)). What are the prime factors of 4/(s/(-6)*h)?
2
Let s(g) = -g - 1. Let j be s(-4). Suppose j*q - 81 = 3*n, -n = 2*q + 2*q + 22. List the prime factors of (-1 + 3/6)*n.
13
Let h = 4 + -1. Suppose h*q - 3 = 6. Suppose -27 = -2*n + q. What are the prime factors of n?
3, 5
Suppose -2*n - 41 = -3*n. What are the prime factors of n?
41
Suppose -4*b + 37 = 5*f, 4*f + 10 = 3*f + 5*b. Let p = 26 - 16. Suppose -w + 3*h = h + f, -w - h + p = 0. List the prime factors of w.
5
Let s = 16 - -108. List the prime factors of s.
2, 31
Let v(r) = r**2 - 6*r + 3. List the prime factors of v(9).
2, 3, 5
Let y(n) = 3*n**3 - n**2 - 1. Suppose 2 - 4 = -i. Let x be y(i). Suppose 5 = -2*m + x. What are the prime factors of m?
7
Let t(d) = d**3 + 11*d**2 - 2*d + 3. Suppose -2*k - k = 33. What are the prime factors of t(k)?
5
Suppose 2 = -3*c + 4*y, 2*c - y - 37 = -6*y. List the prime factors of (1 + -4)*c/(-9).
2
Let v(r) be the second derivative of -r**3/6 - r**2 + 4*r. What are the prime factors of v(-6)?
2
Let g = -24 - -58. What are the prime factors of g?
2, 17
Suppose -4*r = -5 - 11. Let i(f) = f**3 - 5*f**2 + 5*f - 4. Let g be i(r). What are the prime factors of 11 - (3/(-3) - g)?
2, 3
Suppose -3*g - 2*g + 5*u + 25 = 0, 4*g - 2*u - 14 = 0. List the prime factors of ((-15)/6)/((-1)/g).
5
What are the prime factors of (-2 - (85 - -2))/(-1)?
89
Let x(l) = -l - 8. Let c be x(-6). Let n = 10 + c. What are the prime factors of 2/n - (-201)/12?
17
Let r(n) = n**3 - 7*n**2 + 7*n - 8. Let v be r(6). List the prime factors of v - (-13 - (1 + 0)).
2, 3
Let y = -20 + 12. Let g = y - -14. What are the prime factors of g?
2, 3
Let n be 90 + 5/(5/2). Suppose 4*f + 36 + n = 0. What are the prime factors of 4/(-10) - f/5?
2, 3
Suppose -m + 0*m + 23 = 0. Suppose -2*c - l - m = 2*l, 0 = -3*l + 3. Let s = c + 25. What are the prime factors of s?
2, 3
What are the prime factors of (-4)/(5/(1 + -6))?
2
Suppose 2*i = 6 + 2. List the prime factors of 2/i*(-22)/(-1).
11
Let a(m) = -m**3 + 3*m**2 + m - 2. Let b be a(3). Let j be (41 - b)*(0 - -1). Let o = j + -29. What are the prime factors of o?
11
Suppose -98 = -3*j - 8. Suppose -3*r + r = -j. What are the prime factors of r?
3, 5
Let z(c) = -c - 6. Let n be z(-8). Let f(o) = o**3 + o**2 - 2. What are the prime factors of f(n)?
2, 5
Let r be 6/9*6*4. What are the prime factors of 0 + r + (-2 - 1)?
13
Let p = -45 - -67. Let t = 4 - 1. Suppose t*r = 14 + p. What are the prime factors of r?
2, 3
Suppose -2*b + k = -5, b - 5*k - 20 = -k. Suppose b = 3*r - 0 - 3. Suppose 4*d + 5*j = -r, -4*d + 4*j - j = -39. List the prime factors of d.
2, 3
Let a(n) = n**2 + 11*n + 7. Let x be a(-11). Let h = x + 0. Let p(l) = l - 1. List the prime factors of p(h).
2, 3
Let k = 8 + -6. List the prime factors of k/2*(17 - 6).
11
Let p(h) be the first derivative of 4*h**3/3 + 5*h**2/2 + 4*h - 3. List the prime factors of p(-3).
5
Suppose -147 - 764 = -5*d + 2*m, -899 = -5*d - 2*m. What are the prime factors of d?
181
Let b(n) = 25*n**2. Let y be b(-1). Let c = -12 + y. Suppose 7 + c = 2*i. List the prime factors of i.
2, 5
Let g(m) = 0 - 1 - 1 - m. What are the prime factors of g(-4)?
2
Let k(p) = -3*p + 5. Let l be k(2). List the prime factors of (l - (-5 - -3)) + 43.
2, 11
Let q(n) = n**2 - 3*n + 1. Let p be q(4). Let w(i) = -p - 1 + 4 - 4*i + 4. List the prime factors of w(-2).
2, 5
Let d = -111 + 218. What are the prime factors of d?
107
Let d(w) = -w**2 - 5*w - 4. Let j be d(-4). What are the prime factors of j/2 - (1 - 12)?
11
Let d be ((-3)/2)/(6/40). Let m be 4/(-18) + 436/18. Let p = d + m. What are the prime factors of p?
2, 7
Suppose 4*j = 6*j - 134. What are the prime factors of j?
67
Suppose -3*l - 7 = -4*k + 5, 5*k - 15 = 0. Suppose 0 = -3*z - 3*v - 3, -5*z + l*v = 3*v + 15. List the prime factors of z/4*(-40)/12.
5
List the prime factors of (-324*1)/(-3) - 4.
2, 13
Let y(g) = -2*g**2 + 15*g + 8. List the prime factors of y(7).
3, 5
Suppose 2*h = j - 10, 0 = 3*h - 5*h + 4*j - 22. Let k = h + 9. List the prime factors of k.
2, 3
Let f = 265 - 76. List the prime factors of f.
3, 7
Suppose 4 = 2*f + u, -3*f = -2*f - 2*u - 2. Suppose -3*q + 15 = -3*g, -f*q - 3*g = -0*q. Suppose -7*b = -q*b - 24. List the prime factors of b.
2, 3
Suppose -4*w + 80 = 4*a, -68 = -3*w + 3*a - 2*a. List the prime factors of w.
2, 11
Let n(t) = -2*t - 5. Let o be n(7). Let k = o - -55. Suppose 4*h + 7*m = 3*m + k, 3*m = -6. List the prime factors of h.
11
Suppose -5*u + 803 = 3*o, 0 = 5*u + 2*o - 217 - 590. What are the prime factors of u?
163
Suppose 4*g = -2*s + 24, 0*g = -4*s + 3*g + 37. Suppose 6*u - u - s = 0. Suppose 0 = w - 0*w - u. List the prime factors of w.
2
Let g be 4/(-10) + 6/15. Let q = g + 4. Suppose 0*l - l + 4*h - 2 = 0, 2*l - 32 = -q*h. List the prime factors of l.
2, 5
Let m = 603 + -252. What are the prime factors of m?
3, 13
Let l = -233 + 366. List the prime factors of l.
7, 19
List the prime factors of (-6)/(-4)*204/9.
2, 17
Suppose 0 = -6*o + 10*o - 436. List the prime factors of o.
109
Suppose -4*h = -2*h - 8. Suppose r + h*z = 16, 4*z = -5*r + z + 80. List the prime factors of r.
2
Let c = -26 + 68. List the prime factors of c.
2, 3, 7
Suppose -5*a + 0*a + 5 = 5*f, a = 4*f + 21. Let l be ((-5)/(a/(-2)))/(-2). What are the prime factors of 10/((-3)/3)*l?
2, 5
Suppose -5*l = -13*l + 3104. List the prime factors of l.
2, 97
Suppose -z - z - 12 = 0. Let y = z - -8. Suppose 2*p = -s + 18, -y*p + 3*s + 8 = -s. What are the prime factors of p?
2
List the prime factors of (-468)/(-68) + 2/17.
7
Let p = 11 + -8. Suppose p*d = r + 4*r + 14, 0 = -d - 2*r + 23. List the prime factors of d.
13
Suppose 4*h + 4*k - 3*k - 23 = 0, 0 = -2*h - 3*k + 19. Let v = -31 + 84. Suppose h*g - 17 - v = 0. What are the prime factors of g?
2, 7
Suppose -4*l - 529 = -3*k, 0 = -l - 1. What are the prime factors of k?
5, 7
Let u(f) = -4 + f**2 + f**2 + 0*f**2 + 3*f - f. What are the prime factors of u(-6)?
2, 7
Let q(n) = 